 j(-5).
-7
Let w(u) = -1257*u + 3775. Determine w(3).
4
Let j(r) = -2*r**3 + 31*r**2 + 17*r + 34. What is j(16)?
50
Let l(x) = 51*x**2 - 2256*x + 522. Give l(44).
-6
Let g(u) = -1599*u - 19174. Give g(-12).
14
Let n(s) = 14*s - 304. What is n(32)?
144
Let j(r) = -332*r - 4319. Give j(-13).
-3
Let f(k) = 51*k + 237. Calculate f(13).
900
Let d(v) = -12*v**3 - 15*v**2 + 19*v - 7. Give d(3).
-409
Let u(d) = 3*d**2 + 51*d + 50. Determine u(-1).
2
Let o(q) = -878*q - 7046. Calculate o(-8).
-22
Let y(v) = v**2 - 50*v + 848. Calculate y(21).
239
Let d(q) = q**2 + 3*q - 4. Determine d(-2).
-6
Let q(h) = h**3 - h**2 - 19*h + 3. Determine q(8).
299
Let j(o) = o**2 - 1205*o + 7213. Give j(6).
19
Let y(j) = -j**2 - 169*j + 2549. Give y(14).
-13
Let q(y) = 14*y**2 - 61*y - 64. What is q(6)?
74
Let j(g) = 21*g - 3369. Determine j(160).
-9
Let g(s) = 474*s - 3456. Determine g(7).
-138
Let a(b) = -b**3 - 8*b**2 + 8*b - 40. Calculate a(-10).
80
Let j(y) = -71*y - 1561. Determine j(-20).
-141
Let k(m) = 268*m - 41252. Calculate k(154).
20
Let o(y) = 86*y - 5937. Give o(68).
-89
Let f(m) = 5*m**2 + 329*m - 1118. Calculate f(-69).
-14
Let l(f) = 147*f - 1185. Determine l(8).
-9
Let v(r) = r**3 - 3*r**2 - 5*r - 70. Calculate v(6).
8
Let v(a) = 722*a + 8661. Give v(-12).
-3
Let t(q) = -q**3 + 70*q**2 + 69*q + 141. Determine t(71).
-1
Let n(v) = v**3 + 6*v**2 + 5*v + 35. Calculate n(-6).
5
Let k(r) = -7*r**3 + 1173*r**2 + 502*r + 340. Give k(168).
4
Let p(z) = 2*z + 45. Calculate p(33).
111
Let s(p) = p**3 - 11*p**2 - 10*p - 108. Give s(13).
100
Let c(w) = 13*w**3 - 2*w**2 - 3*w + 2. Calculate c(-2).
-104
Let g(l) = -19*l - 183. What is g(-13)?
64
Let i(a) = -390*a - 17174. Determine i(-44).
-14
Let r(i) = 28*i + 193. Calculate r(0).
193
Let i(l) = -26*l**2 - 917*l - 1950. What is i(-33)?
-3
Let z(c) = -60*c**2 + 428*c + 27. Give z(7).
83
Let x(v) = v**2 - 40*v + 1. Determine x(-8).
385
Let z(w) = -153*w - 477. Determine z(-3).
-18
Let h(v) = -23*v + 457. Determine h(38).
-417
Let v(t) = 9*t + 625. Determine v(-59).
94
Let t(l) = 14*l - 636. Give t(43).
-34
Let f(p) = -5*p**2 + 146*p - 11. What is f(29)?
18
Let x(y) = 38*y + 810. Calculate x(-21).
12
Let w(y) = -y**2 - 9*y + 207. Calculate w(10).
17
Let w(y) = 3*y**3 + 2*y**2 - 232*y + 463. Give w(2).
31
Let v(t) = t**3 + 273*t**2 + 50*t + 13655. Calculate v(-273).
5
Let h(z) = -12*z - 794. Calculate h(-68).
22
Let o(g) = -g**3 + 49*g**2 - 91*g - 145. Determine o(47).
-4
Let r(c) = -18*c**2 + 3*c - 11. Determine r(-3).
-182
Let w(f) = -11*f - 14. Determine w(-4).
30
Let k(f) = -3*f**2 + 1078*f - 1077. Give k(1).
-2
Let r(v) = -v**3 + 20*v**2 + 5*v - 24. Calculate r(20).
76
Let n(p) = 12*p**2 - 252*p - 2355. Determine n(28).
-3
Let d(v) = 190*v - 1515. Give d(8).
5
Let p(i) = -i**3 - 10*i**2 + 27*i - 4. Give p(-7).
-340
Let n(u) = u**3 + 123*u**2 - 506*u + 62. What is n(-127)?
-192
Let w(p) = 118*p - 734. Give w(4).
-262
Let b(o) = o**3 + 15*o**2 + 26*o - 113. What is b(-12)?
7
Let o(m) = m**2 - 61*m - 1644. Determine o(-20).
-24
Let j(g) = 1746*g + 14013. What is j(-8)?
45
Let o(i) = 3*i**2 - 133*i + 48. Calculate o(44).
4
Let p(c) = -c**2 - 3*c + 23566. Calculate p(-155).
6
Let f(g) = -g**3 - 11*g**2 - 18*g + 2. Give f(-9).
2
Let h(r) = r**3 - 27*r**2 + 57*r - 168. Give h(25).
7
Let p(s) = -185*s - 735. Give p(-4).
5
Let p(a) = -42*a + 25. What is p(-5)?
235
Let z(x) = 3*x**3 + 13*x**2 - 2*x + 53. Calculate z(-5).
13
Let l(f) = -f**3 - 46*f**2 + 250*f - 74. Calculate l(-51).
181
Let b(t) = 2*t**2 - 33*t + 31. Calculate b(13).
-60
Let o(r) = -3*r**3 - 7*r**2 + 107*r - 167. Give o(6).
-425
Let k(s) = 4*s**3 + 41*s**2 - 169*s - 5. Calculate k(5).
675
Let l(j) = j**3 + 43*j**2 - 4*j - 207. Give l(-43).
-35
Let a(m) = -2*m**2 + 104*m - 569. Give a(46).
-17
Let f(c) = -5*c**2 + 199*c - 514. Give f(37).
4
Let i(b) = 3*b**3 - 24*b**2 - 2*b + 111. Calculate i(7).
-50
Let k(x) = 16*x + 414. Give k(-40).
-226
Let f(y) = -y**3 - 74*y**2 + 13*y + 1083. What is f(-74)?
121
Let l(n) = -n**2 + 32*n - 151. Calculate l(27).
-16
Let v(u) = -572*u - 6289. What is v(-11)?
3
Let t(m) = 2*m**2 - 73*m - 567. Calculate t(40).
-287
Let c(m) = m**2 - 41*m + 29. Give c(40).
-11
Let j(u) = 2*u**2 + 257*u - 3297. Calculate j(12).
75
Let n(r) = 5*r**2 + 116*r - 222. Calculate n(2).
30
Let o(q) = 4*q**3 + 6*q**2 + 24*q + 156. Calculate o(-4).
-100
Let q(v) = 276*v + 4530. Determine q(-18).
-438
Let f(t) = -t**3 + 22*t - 175. Calculate f(6).
-259
Let j(z) = 374*z + 6350. What is j(-17)?
-8
Let z(n) = -227*n - 2941. What is z(-13)?
10
Let n(o) = -47*o - 981. Calculate n(-21).
6
Let k(d) = -408*d - 6513. Give k(-16).
15
Let t(y) = 13*y**2 + 15*y + 41. Determine t(-2).
63
Let c(r) = -r**2 - 48*r + 7. What is c(2)?
-93
Let f(p) = p**3 - 2*p**2 - 2*p - 20. What is f(4)?
4
Let y(j) = -6*j**2 + 253*j - 57. What is y(42)?
-15
Let i(l) = -1719*l + 524300. Calculate i(305).
5
Let m(q) = -q**3 + 10*q**2 - 8*q - 21. Give m(6).
75
Let o(b) = 41*b + 116. Give o(-4).
-48
Let c(u) = -56*u - 114. What is c(6)?
-450
Let q(u) = u**3 + 36*u**2 + 177*u - 29. What is q(-6)?
-11
Let r(l) = l**2 - 30*l + 112. Determine r(5).
-13
Let z(l) = -3383*l - 10138. Determine z(-3).
11
Let p(b) = -1352*b + 25683. What is p(19)?
-5
Let y(h) = -17*h + 1050. Give y(66).
-72
Let d(g) = 11*g + 856. Determine d(-77).
9
Let k(w) = 15*w + 37. Calculate k(-13).
-158
Let h(k) = -k**2 - 76*k - 300. Give h(-4).
-12
Let o(k) = -189*k - 228. Determine o(-1).
-39
Let j(s) = 27*s - 1102. Give j(41).
5
Let c(q) = 2*q**2 + 28*q + 5. What is c(-11)?
-61
Let x(b) = b**2 + 111*b + 3137. Calculate x(-49).
99
Let b(r) = -r**2 - 433*r - 2978. What is b(-7)?
4
Let p(q) = 3*q**3 - 4*q**2 - 2*q + 13. What is p(3)?
52
Let f(w) = w**3 - 56*w**2 - 55*w + 192. Calculate f(57).
306
Let w(d) = -d**2 + 20*d + 2023. Calculate w(-36).
7
Let s(d) = 17*d**2 - 34*d - 102. Determine s(-5).
493
Let f(j) = 17*j - 166. Determine f(-14).
-404
Let l(n) = 32*n - 2662. Calculate l(91).
250
Let p(g) = 6*g**3 - 6*g**2 - 22*g - 49. Calculate p(-4).
-441
Let p(l) = -158*l - 19267. Determine p(-122).
9
Let l(h) = 829*h + 14928. Calculate l(-18).
6
Let m(u) = u**2 + 7*u - 1509. Calculate m(35).
-39
Let d(o) = o**2 + 5367*o - 32254. Calculate d(6).
-16
Let v(t) = -t**2 + 32*t - 135. What is v(5)?
0
Let k(n) = 11*n**2 + 98*n + 132. Calculate k(-7).
-15
Let r(p) = -2*p**3 + 76*p**2 - 14*p + 530. Calculate r(38).
-2
Let n(k) = -2*k**3 - 45*k**2 - 114*k - 280. Give n(-20).
0
Let h(y) = 10*y**3 - 7*y**2 + 28*y - 58. What is h(2)?
50
Let b(t) = 741*t - 7589. Calculate b(10).
-179
Let r(o) = 2*o**2 + 94*o + 457. Determine r(-41).
-35
Let s(o) = -o**3 + 34*o**2 - 99*o + 24. What is s(31)?
-162
Let u(h) = -2*h**3 + 84*h**2 + h + 34. What is u(42)?
76
Let d(q) = -2*q**3 + 119*q**2 + 56*q + 246. What is d(60)?
6
Let j(z) = 3*z - 2. What is j(16)?
46
Let a(c) = 43*c - 376. Give a(12).
140
Let h(n) = -n**3 - 25*n**2 - 62*n - 28. Determine h(-22).
-116
Let u(v) = -4*v**2 - 89*v - 107. Calculate u(-21).
-2
Let v(l) = -104*l + 1265. What is v(12)?
17
Let c(v) = -7*v**2 + 62*v - 136. Determine c(8).
-88
Let q(o) = -o**2 + 72*o + 860. What is q(-10)?
40
Let o(m) = 15*m**2 - 380*m + 94. Calculate o(25).
-31
Let r(o) = 139*o**3 - o**2 + 10*o - 8. Determine r(1).
140
Let i(v) = -v**3 - 34*v**2 + 153*v + 25. Give i(-38).
-13
Let l(d) = 109*d - 2872. Determine l(27).
71
Let j(z) = -24*z**2 + 208*z + 75. Determine j(9).
3
Let x(k) = k**3 - 48*k**2 - 99*k + 2418. Calculate x(49).
-32
Let m(u) = 8*u - 108. Determine m(13).
-4
Let m(j) = 2*j**3 + 13*j**2 + 4*j + 15. What is m(-4)?
79
Let z(q) = -q**3 + 8*q**2 + 19*q + 77. Calculate z(8).
229
Let c(y) = -y**2 + 25*y + 289. What is c(-15)?
-311
Let b(t) = -19*t - 243. Determine b(-15).
42
Let f(l) = 79*l + 1355. Calculate f(-18).
-67
Let w(o) = 49*o**2 + 2*o - 1. Determine w(1).
50
Let a(v) = -385*v - 12713. Determine a(-33).
-8
Let n(b) = -35*b**2 - 493*b + 14. Calculate n(-14).
56
Let f(u) = -43*u + 289. Determine f(5).
74
Let x(z) = z**2 - 30*z + 79. Calculate x(17).
-142
Let n(t) = -31*t**2 + 89*t - 172. Determine n(2).
-118
Let x(w) = -3*w**3 + 37*w**2 + 24*w + 11. Determine x(13).
-15
Let b(u) = -u**3 - 116*u**2 - 536*u - 354. What is b(-4)?
-2
Let w(v) = -v**3 - 10*v - 6. Give w(0).
-6
Let n(h) = -h**